2 is divided by 1096?
30
Calculate the remainder when 7035 is divided by 1170.
15
What is the remainder when 412722 is divided by 25?
22
Calculate the remainder when 23596 is divided by 248.
36
What is the remainder when 1501 is divided by 88?
5
What is the remainder when 106916 is divided by 293?
264
What is the remainder when 264599 is divided by 735?
734
What is the remainder when 334296 is divided by 926?
10
Calculate the remainder when 7742 is divided by 127.
122
What is the remainder when 3424 is divided by 374?
58
What is the remainder when 10692 is divided by 534?
12
Calculate the remainder when 81660 is divided by 349.
343
What is the remainder when 12169 is divided by 140?
129
What is the remainder when 24054 is divided by 283?
282
Calculate the remainder when 1457592 is divided by 1457577.
15
Calculate the remainder when 257 is divided by 23.
4
What is the remainder when 3428 is divided by 37?
24
Calculate the remainder when 9937 is divided by 1240.
17
Calculate the remainder when 1599361 is divided by 26.
23
What is the remainder when 22772 is divided by 69?
2
Calculate the remainder when 7198 is divided by 37.
20
Calculate the remainder when 1923178 is divided by 27.
22
Calculate the remainder when 48522 is divided by 9702.
12
What is the remainder when 37352 is divided by 63?
56
What is the remainder when 4728 is divided by 350?
178
Calculate the remainder when 4515883 is divided by 45.
43
Calculate the remainder when 626 is divided by 187.
65
Calculate the remainder when 147052 is divided by 3001.
3
What is the remainder when 22515 is divided by 11248?
19
What is the remainder when 13788 is divided by 43?
28
What is the remainder when 1262 is divided by 322?
296
What is the remainder when 7026 is divided by 74?
70
What is the remainder when 12156 is divided by 135?
6
What is the remainder when 205775 is divided by 3957?
11
What is the remainder when 36287 is divided by 211?
206
Calculate the remainder when 59141 is divided by 1689.
26
Calculate the remainder when 37362 is divided by 18678.
6
Calculate the remainder when 1516 is divided by 11.
9
Calculate the remainder when 695627 is divided by 6887.
40
What is the remainder when 574 is divided by 5?
4
Calculate the remainder when 11659 is divided by 110.
109
Calculate the remainder when 13019 is divided by 210.
209
What is the remainder when 2239606 is divided by 84?
82
Calculate the remainder when 40120 is divided by 20054.
12
What is the remainder when 383 is divided by 129?
125
What is the remainder when 4361 is divided by 731?
706
What is the remainder when 116824 is divided by 220?
4
What is the remainder when 79409 is divided by 54?
29
What is the remainder when 5749 is divided by 2459?
831
What is the remainder when 648 is divided by 566?
82
What is the remainder when 23582 is divided by 1945?
242
Calculate the remainder when 20122 is divided by 45.
7
Calculate the remainder when 403379 is divided by 1494.
1493
What is the remainder when 90823 is divided by 64?
7
Calculate the remainder when 1334 is divided by 100.
34
Calculate the remainder when 6049 is divided by 3964.
2085
Calculate the remainder when 2772 is divided by 159.
69
Calculate the remainder when 3833 is divided by 22.
5
Calculate the remainder when 1402250 is divided by 21.
17
What is the remainder when 12412 is divided by 12238?
174
What is the remainder when 2137 is divided by 34?
29
What is the remainder when 2484 is divided by 346?
62
What is the remainder when 5748 is divided by 5729?
19
What is the remainder when 2924 is divided by 2901?
23
What is the remainder when 3256 is divided by 542?
4
What is the remainder when 22971 is divided by 1477?
816
What is the remainder when 29330 is divided by 109?
9
What is the remainder when 74785 is divided by 639?
22
Calculate the remainder when 4916 is divided by 197.
188
What is the remainder when 4916323 is divided by 1931?
1928
Calculate the remainder when 792 is divided by 46.
10
Calculate the remainder when 233 is divided by 195.
38
What is the remainder when 14691 is divided by 374?
105
Calculate the remainder when 12690 is divided by 827.
285
Calculate the remainder when 242640 is divided by 1055.
1045
Calculate the remainder when 56031 is divided by 298.
7
Calculate the remainder when 44659 is divided by 88.
43
What is the remainder when 24087 is divided by 1050?
987
Calculate the remainder when 32893 is divided by 153.
151
Calculate the remainder when 115870 is divided by 34.
32
What is the remainder when 1333 is divided by 1114?
219
Calculate the remainder when 101923 is divided by 183.
175
Calculate the remainder when 197979 is divided by 98986.
7
What is the remainder when 5366 is divided by 2575?
216
Calculate the remainder when 23638 is divided by 71.
66
What is the remainder when 2038 is divided by 1940?
98
What is the remainder when 1894633 is divided by 109?
104
What is the remainder when 46080 is divided by 341?
45
What is the remainder when 511575 is divided by 586?
583
What is the remainder when 804754 is divided by 42?
34
Calculate the remainder when 4884670 is divided by 1648.
1646
What is the remainder when 23244 is divided by 27?
24
Calculate the remainder when 108 is divided by 85.
23
Calculate the remainder when 63315 is divided by 646.
7
What is the remainder when 7040 is divided by 38?
10
What is the remainder when 1737 is divided by 24?
9
What is the remainder when 8980 is divided by 452?
392
What is the remainder when 3727 is divided by 230?
47
What is the remainder when 15248 is divided by 7624?
0
Calculate the remainder when 6024 is divided by 163.
156
Calculate the remainder when 41143 is divided by 2934.
67
What is the remainder when 120270 is divided by 57?
0
Calculate the remainder when 16695 is divided by 159.
0
Calculate the remainder when 23969 is divided by 82.
25
Calculate the remainder when 5516 is divided by 1104.
1100
Calculate the remainder when 10659 is divided by 344.
339
What is the remainder when 9158 is divided by 1016?
14
Calculate the remainder when 26658 is divided by 31.
29
What is the remainder when 761024 is divided by 12?
8
Calculate the remainder when 29560 is divided by 33.
25
Calculate the remainder when 30894 is divided by 24.
6
What is the remainder when 3592961 is divided by 11?
9
Calculate the remainder when 13411 is divided by 4466.
13
What is the remainder when 9458 is divided by 363?
20
Calculate the remainder when 587 is divided by 410.
177
Calculate the remainder when 5309 is divided by 415.
329
Calculate the remainder when 60454 is divided by 271.
21
What is the remainder when 22305 is divided by 35?
10
Calculate the remainder when 284884 is divided by 357.
355
Calculate the remainder when 2421580 is divided by 47.
46
What is the remainder when 5360 is divided by 594?
14
Calculate the remainder when 34469 is divided by 3825.
44
Calculate the remainder when 77374 is divided by 96.
94
What is the remainder when 74936 is divided by 137?
134
What is the remainder when 159681 is divided by 53222?
15
Calculate the remainder when 780349 is divided by 548.
545
Calculate the remainder when 45661 is divided by 264.
253
Calculate the remainder when 5494 is divided by 93.
7
What is the remainder when 96217 is divided by 15?
7
What is the remainder when 29935 is divided by 23?
12
What is the remainder when 72298 is divided by 20?
18
Calculate the remainder when 146181 is divided by 38.
33
Calculate the remainder when 34658 is divided by 2665.
13
What is the remainder when 234270 is divided by 70?
50
What is the remainder when 3669 is divided by 182?
29
Calculate the remainder when 44760 is divided by 74.
64
What is the remainder when 8004 is divided by 556?
220
Calculate the remainder when 8162 is divided by 1626.
32
Calculate the remainder when 67299 is divided by 561.
540
What is the remainder when 203635 is divided by 203618?
17
Calculate the remainder when 12352114 is divided by 42.
40
What is the remainder when 20927 is divided by 2324?
11
Calculate the remainder when 7384259 is divided by 12.
11
What is the remainder when 30573 is divided by 726?
81
What is the remainder when 100977 is divided by 180?
177
Calculate the remainder when 13115 is divided by 162.
155
What is the remainder when 2171 is